uppose 0*w - 99 = -w. Suppose -4*b = -5*z - 9, -3*b + 0*z + z = 7. Let t = b - -13. What is the highest common divisor of w and t?
9
Let v be (-3)/2*(88/(-6))/1. Calculate the greatest common factor of 22 and v.
22
Let y(w) = w + 1. Let z be y(3). Suppose -24 + 96 = 3*v. Suppose v = 3*k + k. Calculate the greatest common divisor of k and z.
2
Let b(t) = -26*t + 4. Let g be ((-2)/5)/((-5)/(-50)). Let c be b(g). Calculate the highest common factor of c and 12.
12
Suppose -24*k + 459 = 3*k. What is the greatest common factor of k and 85?
17
Suppose 0 = 4*x + 43 - 219. Suppose 2*k = k. Suppose -2*o + k*o = -x. What is the highest common divisor of o and 176?
22
Let g be 20/130 - (-412)/26. Let p be (27/15 + 0)*5. Suppose 0 = -p*u + 5*u + 320. Calculate the greatest common divisor of u and g.
16
Suppose -20 = -5*d + 115. Calculate the greatest common factor of 297 and d.
27
Let c be (5 + -3)*11/(33/54). What is the greatest common factor of 480 and c?
12
Let c = 1 - -4. Let s be (-63)/((-3)/1) + 4. What is the greatest common divisor of c and s?
5
Let q be 0 + 39 - 1/(-1). Let s be -6*((-42)/9 + -2). Suppose -f - f = -s. Calculate the greatest common factor of q and f.
20
Let a(b) = b**2 + 7*b + 42. Let c be a(7). What is the greatest common divisor of 35 and c?
35
Let a = -734 - -811. What is the highest common divisor of 66 and a?
11
Let x = 19 - -26. Let t = 114 - 109. What is the greatest common factor of x and t?
5
Let r = 432 - 368. Calculate the highest common divisor of 16 and r.
16
Let i be (24/(-14))/((-52)/3822). What is the highest common divisor of 105 and i?
21
Let u = -394 + 606. What is the highest common factor of u and 53?
53
Suppose 0 = -2*m - 5*x + 266, m - 226 = -m + 5*x. Suppose 0 = -3*p + 69 + m. Let f = p + 21. What is the highest common divisor of 34 and f?
17
Suppose -5*v + 85 = -5*d, -6*v = -5*v - 5*d - 33. Let i be 2*7 - v/13. What is the highest common factor of 91 and i?
13
Suppose -3154 - 2566 = -20*j. Calculate the highest common factor of j and 52.
26
Let h(p) = p + 6. Let w be h(5). Let n = 9 + w. Let y = n + -2. Calculate the greatest common factor of 18 and y.
18
Let v = -303 + 312. What is the greatest common factor of v and 27?
9
Suppose -5*l = -5 - 35. Let a be -10 - 6*l/12. Let q = a - -34. What is the highest common divisor of q and 50?
10
Suppose -q = 2*g - 0 - 302, 0 = 4*q + 2*g - 1202. What is the highest common divisor of q and 12?
12
Let c = 51 - 47. Suppose -5*h - c*t + 74 = -0*t, 0 = 4*h + 3*t - 60. Calculate the greatest common divisor of 27 and h.
9
Suppose -4*d + 5*d = 1. Let m be (3 - 8/3)*6. Suppose a - m = d. What is the highest common factor of 9 and a?
3
Suppose 14 = f - 0*h + 3*h, 4*h + 16 = 3*f. What is the highest common factor of f and 412?
4
Let z(h) be the second derivative of h**4/12 - h**3 + h**2/2 + h. Let j be z(7). What is the greatest common factor of 6 and j?
2
Let i = 35 - -29. Suppose v - 19 - 46 = 0. Suppose -31 = -y - 5*m + v, -480 = -5*y + m. What is the highest common divisor of y and i?
32
Let v = -34 - -48. Let d(m) = -58*m + 1. Let g be d(-2). Let x = g - 82. What is the highest common factor of v and x?
7
Let j(r) = -2*r**2 - 27*r + 80. Let d be j(-15). Calculate the highest common divisor of 273 and d.
7
Let o be (21/(-2))/((-41)/492). Calculate the highest common factor of o and 154.
14
Suppose -3*p + 113 = -1. What is the highest common factor of 171 and p?
19
Suppose 5*z + 3*l = -301 - 78, -9 = 3*l. Let y = -19 - z. Let m be (3 + y/(-20))*8. What is the highest common divisor of 10 and m?
2
Suppose 10*d - 20 = 6*d. Let k be 84/30*d - 1*-1. What is the highest common factor of k and 6?
3
Suppose -2*h - h = 3*t - 9, 15 = 5*t - 4*h. Let p be 1 + (-6)/(-1 - 1). Let f be p/6 + 91/t. What is the greatest common factor of 31 and f?
31
Let j be 1 + -3 + 3 - 0. Suppose 2*n - 8 = -0. Suppose 12 = n*h - 4. Calculate the greatest common divisor of j and h.
1
Let x(p) = 122*p - 1. Let s be x(1). Suppose -4*k = -7*b - 67, -4*k + 3*k + 5*b = -7. What is the greatest common divisor of k and s?
11
Let g(x) = 36*x - 756. Let t be g(31). What is the highest common factor of t and 600?
120
Let z = -2 + -4. Let j be (-5 - z)/((-1)/(-1)). Suppose 3*v - 5*a = 25, 3*v = -0*a - 3*a + 9. Calculate the highest common divisor of v and j.
1
Let c = 108 - 99. What is the highest common factor of c and 441?
9
Suppose -6*j + 70 - 64 = 0. What is the highest common divisor of j and 32?
1
Let t(c) = c - 5. Let u be t(4). Suppose p + 5*k - 13 = 0, 10*p - 6*p - 22 = -5*k. Let n be (-9)/u + (5 - p). What is the highest common factor of n and 99?
11
Let b = -85 - -113. What is the greatest common divisor of b and 7?
7
Suppose -3*o + 153 = -3*d, 0 = -2*d - 8 + 14. What is the greatest common factor of 24 and o?
6
Let a = 6225 - 2193. Calculate the greatest common divisor of 28 and a.
28
Let q(j) = j**2 - 14*j + 3. Let n be q(14). Suppose -n*g + 0*g + 468 = 0. Let i = 291 - g. What is the highest common factor of 15 and i?
15
Let o(h) = 51*h - 13. Let c(g) = 17*g - 4. Let q(f) = -7*c(f) + 2*o(f). Let p be q(-4). Suppose -2*y + 48 + 8 = 0. What is the highest common factor of y and p?
14
Let y = -30 - -48. Let j = 9 + y. Suppose -2*m - 2*m = -36. Calculate the highest common divisor of m and j.
9
Let d = 14 + 0. Let j = 149 + -79. Calculate the highest common factor of d and j.
14
Let t = 37 + -55. Let w be t + 76 - 2*2. Calculate the greatest common factor of w and 81.
27
Suppose 3*h + 1 + 8 = 0. Let v be 0 - (-39 + (-4 - h)). What is the greatest common factor of 60 and v?
20
Let t be 2/(456/(-116) + 4). Suppose 4*q + t + 27 = 4*u, -4*q - 38 = 2*u. Let y = -5 - q. Calculate the highest common divisor of y and 60.
6
Let c(l) = -l**3 + 3*l**2 + l. Let v be c(-2). Suppose -z + 62 = 5*h, 2*h + 292 = -75*z + 79*z. What is the highest common divisor of z and v?
18
Suppose 4*h = 3*h - 26. Let o = -22 - h. Let y = 9 - -1. Calculate the greatest common factor of o and y.
2
Let c be 1 - (-478 + -1) - (-26 - -26). Suppose h + c = 6*h. Calculate the highest common factor of 24 and h.
24
Let n = 38 - 22. Let k = -1291 + 1299. Calculate the greatest common factor of k and n.
8
Let v = 462 - 264. Suppose -206*i = -7444 + 2912. What is the greatest common divisor of v and i?
22
Suppose 0 = 4*h, 0*n + 65 = 5*n + 2*h. What is the highest common factor of n and 260?
13
Suppose 4*j = 5*w - 18, -4*j + 1 = w + 7. Let p be (1 - w)/(1/(-12)). What is the highest common factor of 6 and p?
6
Let q be 11/4 - (-7)/28. Suppose q*n - 416 - 91 = 0. What is the greatest common divisor of 13 and n?
13
Suppose -5*f = 3*u - 2*u - 49, 4*f - 132 = -4*u. What is the highest common divisor of 145 and u?
29
Let m be (13/2 + -4)*-2. Let n(s) be the third derivative of s**5/12 + s**4/24 - s**3/2 - 3*s**2. Let q be n(m). What is the highest common factor of q and 13?
13
Let p = -72 - -120. Let v be ((-48)/(-30))/((-1)/10). Let f = v + 48. Calculate the highest common divisor of f and p.
16
Suppose 4*y + 52 = -4. Let j = y + 38. Let p be 225/(-20) + 11 + (-482)/(-8). What is the highest common factor of j and p?
12
Suppose -5*f + v + 170 = 0, 0 = -f + 3*f - 3*v - 81. Let i(d) = -d**2 + 16*d - 28. Let z be i(13). Calculate the greatest common divisor of z and f.
11
Suppose -3*s + 141 + 116 = 2*x, 3*x - 389 = -s. What is the highest common divisor of 78 and x?
26
Let d = 0 + 3. Suppose 23 = d*v - 4*b, -5*v + 3*b = 10 - 63. Let a = -151 + 242. Calculate the greatest common divisor of v and a.
13
Let k be (10 + -12)*2/4*-25. Calculate the highest common factor of k and 50.
25
Let n(v) = -v**3 - 4*v**2 - 15*v + 4. Let m be n(-5). Calculate the greatest common divisor of 26 and m.
26
Let j be 22/2 + 4 + (1 - 6). Let d(v) = v**2 - 2*v + 2. Let s be d(-6). What is the greatest common factor of j and s?
10
Suppose 260 = -4*z + 3*r + r, -5*z = 2*r + 290. Let k = -46 - z. Suppose x - 28 = -0*x. Calculate the highest common divisor of x and k.
14
Let v(y) = 2*y**2 - y - 3. Let i be v(2). Suppose -z - 1 = -n - i*z, n + z = 3. Calculate the highest common divisor of 20 and n.
5
Let s(p) = -14*p - 2. Suppose 0 = 3*k + 2*k + 10. Let h be s(k). Let v(o) = -37*o - 47. Let f be v(-9). Calculate the greatest common factor of f and h.
26
Let g be (-18)/(-81) - (-4